ghest common factor of 42 and 18?
6
What is the greatest common factor of 315 and 1645?
35
What is the greatest common factor of 3180 and 60?
60
What is the greatest common factor of 122 and 31049?
61
Calculate the greatest common factor of 134 and 1809.
67
What is the greatest common factor of 11160 and 3240?
360
Calculate the greatest common factor of 20 and 5450.
10
What is the greatest common factor of 660 and 45?
15
Calculate the greatest common divisor of 5 and 3.
1
What is the highest common divisor of 1363 and 667?
29
What is the greatest common factor of 6 and 243?
3
Calculate the highest common divisor of 350 and 1120.
70
Calculate the greatest common factor of 75 and 645.
15
Calculate the highest common divisor of 70 and 218.
2
What is the greatest common factor of 1428 and 1275?
51
What is the greatest common divisor of 6477 and 51?
51
Calculate the greatest common factor of 360 and 288.
72
Calculate the highest common factor of 253 and 23.
23
Calculate the greatest common divisor of 1015 and 261.
29
What is the greatest common divisor of 748 and 544?
68
What is the highest common divisor of 116 and 1189?
29
Calculate the highest common divisor of 9 and 180.
9
What is the highest common divisor of 57 and 133?
19
What is the greatest common divisor of 25 and 575?
25
Calculate the greatest common divisor of 637 and 26.
13
What is the highest common divisor of 231 and 16467?
33
What is the greatest common factor of 135 and 5?
5
What is the greatest common factor of 1440 and 54?
18
What is the highest common divisor of 3282 and 30?
6
Calculate the highest common factor of 1358 and 14.
14
What is the greatest common factor of 44577 and 351?
351
What is the highest common divisor of 34 and 476?
34
What is the greatest common divisor of 1214 and 4?
2
What is the greatest common divisor of 243 and 21?
3
What is the highest common divisor of 756 and 56?
28
What is the greatest common divisor of 126 and 406?
14
What is the highest common factor of 18 and 102?
6
Calculate the greatest common divisor of 209 and 2519.
11
What is the highest common factor of 96 and 1104?
48
What is the greatest common divisor of 40 and 3160?
40
What is the highest common divisor of 15 and 1795?
5
What is the highest common factor of 57 and 8075?
19
What is the highest common divisor of 4264 and 13?
13
What is the greatest common factor of 1836 and 3468?
204
What is the greatest common divisor of 51 and 1411?
17
Calculate the greatest common factor of 1369 and 37.
37
Calculate the greatest common divisor of 7165 and 5.
5
What is the highest common divisor of 68 and 8500?
68
What is the highest common factor of 342 and 162?
18
What is the highest common factor of 1060 and 20?
20
What is the highest common factor of 24 and 72?
24
What is the greatest common divisor of 1192 and 3427?
149
What is the highest common factor of 15565 and 55?
55
Calculate the highest common factor of 73 and 73.
73
What is the greatest common divisor of 1768 and 1088?
136
What is the greatest common factor of 350 and 7630?
70
What is the highest common factor of 729 and 54?
27
Calculate the greatest common factor of 2275 and 91.
91
Calculate the highest common divisor of 153 and 255.
51
What is the greatest common divisor of 2587 and 6169?
199
Calculate the highest common divisor of 176 and 374.
22
What is the greatest common factor of 50 and 8675?
25
What is the highest common divisor of 1133 and 22?
11
What is the greatest common divisor of 273 and 126?
21
What is the greatest common factor of 245 and 10?
5
Calculate the greatest common divisor of 30 and 1180.
10
Calculate the highest common divisor of 556 and 48.
4
What is the highest common divisor of 87 and 17545?
29
What is the highest common factor of 570 and 150?
30
What is the greatest common divisor of 671 and 352?
11
Calculate the highest common factor of 15 and 285.
15
What is the highest common factor of 14 and 24?
2
What is the greatest common divisor of 60 and 72?
12
Calculate the highest common factor of 254 and 58.
2
What is the greatest common factor of 1804 and 1496?
44
Calculate the greatest common divisor of 79 and 1264.
79
What is the highest common divisor of 1475 and 50?
25
What is the greatest common factor of 3245 and 1485?
55
What is the highest common divisor of 848 and 32?
16
Calculate the highest common factor of 28 and 868.
28
What is the greatest common factor of 4551 and 666?
111
Calculate the highest common factor of 1830 and 240.
30
Calculate the greatest common factor of 33180 and 180.
60
What is the greatest common divisor of 11 and 88?
11
Calculate the greatest common divisor of 6208 and 97.
97
What is the greatest common factor of 3 and 399?
3
What is the greatest common factor of 30 and 480?
30
What is the highest common divisor of 2128 and 1520?
304
What is the greatest common factor of 16 and 424?
8
Calculate the greatest common divisor of 10 and 1390.
10
Calculate the greatest common divisor of 57 and 2679.
57
Calculate the highest common divisor of 9 and 38799.
9
What is the highest common factor of 350 and 1960?
70
What is the highest common factor of 4130 and 59?
59
What is the greatest common divisor of 182 and 26?
26
Calculate the greatest common divisor of 106 and 8321.
53
What is the highest common divisor of 105 and 35?
35
What is the highest common divisor of 93 and 9021?
93
What is the highest common factor of 6 and 2?
2
Calculate the highest common divisor of 549 and 72.
9
Calculate the highest common divisor of 1032 and 120.
24
What is the highest common divisor of 7 and 2359?
7
What is the highest common divisor of 3 and 1443?
3
What is the greatest common divisor of 11 and 17578?
11
Calculate the greatest common factor of 198 and 1056.
66
Calculate the highest common factor of 48 and 56.
8
What is the highest common divisor of 10 and 7?
1
What is the greatest common divisor of 26 and 276?
2
Calculate the highest common factor of 448 and 48.
16
What is the greatest common factor of 1757 and 56?
7
Calculate the greatest common divisor of 1612 and 416.
52
Calculate the greatest common factor of 468 and 3159.
117
What is the highest common factor of 8 and 1304?
8
What is the greatest common factor of 184 and 1012?
92
What is the highest common divisor of 164 and 41?
41
What is the greatest common factor of 375 and 30?
15
Calculate the greatest common factor of 39 and 34047.
39
What is the greatest common factor of 6233 and 23?
23
Calculate the highest common divisor of 551 and 87.
29
Calculate the greatest common factor of 3765 and 795.
15
Calculate the highest common divisor of 4366 and 472.
118
Calculate the highest common divisor of 21364 and 196.
196
What is the highest common factor of 20 and 320?
20
What is the highest common divisor of 535 and 107?
107
Calculate the highest common divisor of 8021 and 13.
13
What is the highest common factor of 92 and 1242?
46
Calculate the greatest common factor of 8466 and 204.
102
Calculate the highest common divisor of 35 and 427.
7
Calculate the highest common divisor of 585 and 108.
9
Calculate the greatest common factor of 63 and 7.
7
What is the greatest common divisor of 64 and 6064?
16
What is the highest common divisor of 15216 and 32?
16
Calculate the highest common factor of 160 and 2176.
32
Calculate the greatest common factor of 105 and 21.
21
Calculate the highest common divisor of 30 and 78.
6
What is the highest common divisor of 13 and 195?
13
Calculate the greatest common divisor of 2604 and 672.
84
What is the greatest common factor of 390 and 210?
30
Calculate the greatest common factor of 4675 and 1496.
187
What is the highest common factor of 938 and 1792?
14
What is the highest common divisor of 50 and 925?
25
What is the greatest common divisor of 4 and 300?
4
Calculate the greatest common factor of 15 and 11100.
15
Calculate the greatest common divisor of 110 and 1386.
22
What is the highest common factor of 18 and 576?
18
Calculate the highest common factor of 25487 and 77.
77
Calculate the greatest common factor of 384 and 14.
2
Calculate the highest common divisor of 10 and 14.
2
Calculate the highest common factor of 156 and 195.
39
Calculate the highest common divisor of 336 and 21.
21
What is the greatest comm